8
Let q(g) = -6*g + 224. Calculate q(0).
224
Let m(j) = j**3 - 10*j**2 + 3*j + 19. Give m(8).
-85
Let w(v) = -40*v - 1419. Determine w(-36).
21
Let x(a) = a**2 + 36*a + 354. What is x(-27)?
111
Let s(a) = 99*a + 1597. Calculate s(-16).
13
Let j(x) = x**3 - 214*x**2 - 1776*x - 3. Determine j(-8).
-3
Let l(x) = -4*x**2 - 120*x + 62. Determine l(-30).
62
Let s(i) = 4385*i - 8769. Determine s(2).
1
Let x(i) = -6*i**3 - 31*i**2 + 4*i + 1. What is x(-6)?
157
Let j(b) = b**3 + 9*b**2 - 7*b + 42. Calculate j(-10).
12
Let z(v) = 161*v**3 - 4*v**2 + 6*v - 2. What is z(1)?
161
Let b(j) = -2*j**2 - 145*j - 1741. Give b(-15).
-16
Let k(v) = 56*v**2 - 389*v + 389. Determine k(1).
56
Let f(q) = -q**3 + 64*q**2 - 536*q - 201. What is f(54)?
15
Let s(r) = r**3 + 7*r**2 + 26*r + 108. Calculate s(-6).
-12
Let k(m) = -2298*m + 13798. What is k(6)?
10
Let y(w) = -w**3 + 8*w**2 - 38*w + 161. What is y(6)?
5
Let a(m) = 4*m**3 - 38*m**2 + 14*m + 27. What is a(7)?
-365
Let n(l) = 3*l**3 - 136*l**2 + 747*l - 233. Calculate n(39).
1
Let p(i) = -331*i + 1002. Calculate p(3).
9
Let q(m) = -3*m**2 + 87*m - 548. Determine q(10).
22
Let h(k) = -3*k**3 + 7*k + 5. Give h(3).
-55
Let t(a) = -52*a - 2894. Give t(-56).
18
Let l(c) = -8*c**2 - 109*c + 110. Determine l(-15).
-55
Let o(h) = h**3 + 7*h**2 - 21*h - 17. Determine o(4).
75
Let v(k) = -4*k**2 - 92*k - 533. What is v(-12)?
-5
Let n(a) = a**2 + 277*a - 6573. Calculate n(22).
5
Let l(k) = 208*k - 44728. What is l(215)?
-8
Let c(w) = -9*w**3 + w**2 + 4*w + 2. What is c(-1)?
8
Let f(q) = q**3 - 24*q**2 + 94*q + 20. Give f(10).
-440
Let a(b) = -b**2 - 27*b + 1102. Give a(22).
24
Let n(q) = -q**2 + 43*q - 372. What is n(12)?
0
Let o(v) = v**3 - 45*v**2 + 357*v + 182. Calculate o(11).
-5
Let g(n) = -n**3 + 37*n**2 + 120*n - 1626. What is g(39)?
12
Let o(a) = -38*a + 224. Give o(-1).
262
Let p(i) = -2*i**3 - 14*i**2 + 18*i + 117. Determine p(-7).
-9
Let r(o) = -187*o + 1027. Determine r(6).
-95
Let h(i) = -178*i - 173. Calculate h(-2).
183
Let s(a) = a**3 - 3*a**2 + 12*a - 35. Calculate s(3).
1
Let l(w) = -w**3 + 15*w**2 + 23*w + 190. Determine l(17).
3
Let c(s) = 54*s + 191. Give c(-7).
-187
Let i(j) = -2*j**3 - 139*j**2 + 75*j + 379. Calculate i(-70).
29
Let n(f) = 3*f**2 - 112*f - 1781. Give n(-12).
-5
Let s(y) = 74*y + 3155. Calculate s(-43).
-27
Let o(n) = -2076*n + 110033. What is o(53)?
5
Let u(j) = -30*j - 752. Determine u(-25).
-2
Let o(q) = 1085*q - 2179. What is o(2)?
-9
Let l(x) = 339*x + 207. Determine l(-2).
-471
Let b(r) = -2*r**2 - 7*r - 10. What is b(-5)?
-25
Let h(z) = -75*z + 51. What is h(-7)?
576
Let x(c) = -1156*c - 11556. Give x(-10).
4
Let n(q) = 283*q - 271. Give n(1).
12
Let f(a) = -4427*a - 31077. Give f(-7).
-88
Let m(h) = -16*h - 286. Calculate m(-19).
18
Let i(s) = -19*s - 180. Determine i(-9).
-9
Let g(b) = -22*b**2 + 208*b + 1. Determine g(9).
91
Let u(b) = -2*b**2 - 3*b + 94. Determine u(12).
-230
Let z(w) = -w**3 - 7*w**2 + 5*w + 21. Give z(-5).
-54
Let n(v) = -10*v**2 + 220*v - 2. Calculate n(24).
-482
Let y(g) = 736*g - 7357. What is y(10)?
3
Let j(u) = -u**3 - 302*u**2 + 587*u - 6364. Determine j(-304).
20
Let o(w) = w**2 - 657*w - 1317. Determine o(-2).
1
Let m(h) = h**2 - 32*h - 16. Determine m(31).
-47
Let d(z) = z**3 + 94*z**2 - 1511*z + 105. Give d(-108).
-3
Let x(a) = -2*a**3 + 109*a**2 - 74*a - 1. Give x(0).
-1
Let j(z) = -2*z**3 - 78*z**2 - 82*z - 87. Determine j(-38).
141
Let c(d) = 20*d**2 - 979*d - 59. Determine c(49).
-10
Let o(m) = m**3 + m**2 + 4*m - 277. Determine o(0).
-277
Let w(f) = f**3 - 9*f**2 - 91*f - 5. Give w(15).
-20
Let r(i) = i**3 + 27*i**2 + 47*i - 84. Give r(-25).
-9
Let c(w) = -3*w + 20. Determine c(2).
14
Let d(j) = 50*j - 32. What is d(3)?
118
Let o(m) = -155*m**3 + m - 3. Determine o(1).
-157
Let d(w) = 2*w**2 - 38*w - 29. Calculate d(20).
11
Let c(i) = -70*i - 1059. Give c(-14).
-79
Let m(p) = p**2 + 516*p - 1034. Determine m(2).
2
Let x(y) = 24*y - 48. Give x(-7).
-216
Let r(u) = -u**2 + 28*u - 179. What is r(8)?
-19
Let b(s) = -5*s + 32. Calculate b(12).
-28
Let r(a) = -2*a**2 + 8*a + 2443. Give r(37).
1
Let i(j) = -j**3 + 46*j**2 - 36*j - 418. What is i(45)?
-13
Let x(r) = r**2 + 57*r + 400. Determine x(-15).
-230
Let x(u) = -15*u**2 + 601*u - 17. Determine x(40).
23
Let s(h) = -4*h**2 - 113*h + 148. Determine s(-29).
61
Let i(x) = 165*x - 1824. Calculate i(11).
-9
Let l(a) = a**3 - 2*a**2 - 289*a + 36. Give l(18).
18
Let h(i) = -i**2 + 212*i + 879. What is h(-4)?
15
Let d(w) = -286*w - 3430. Calculate d(-12).
2
Let s(o) = -o**3 + 9*o**2 - 32*o + 109. What is s(7)?
-17
Let y(u) = 77*u**2 - 96*u - 93. Calculate y(-1).
80
Let n(g) = 1522*g - 18268. Determine n(12).
-4
Let z(u) = u**3 + 15*u**2 - 63*u - 75. Calculate z(-19).
-322
Let k(u) = 368*u - 53. Calculate k(1).
315
Let q(h) = 21*h - 1730. Give q(82).
-8
Let z(t) = 33*t + 51. Give z(-5).
-114
Let d(m) = 2*m**2 - 4*m - 19. Determine d(5).
11
Let a(i) = -8*i**3 - i**2 - 6*i + 5. What is a(0)?
5
Let q(f) = -4*f**2 - 379*f + 2414. What is q(6)?
-4
Let v(g) = -g**3 - g**2 + 49*g + 4. What is v(6)?
46
Let i(b) = 8*b - 94. Give i(19).
58
Let q(t) = -12*t**2 - 202*t - 338. Determine q(-15).
-8
Let g(j) = 18*j**2 + 13*j - 41. Give g(4).
299
Let c(h) = 330*h - 4919. What is c(15)?
31
Let n(h) = 38*h - 1139. Calculate n(32).
77
Let s(x) = x**2 + 79*x + 716. Calculate s(-68).
-32
Let l(q) = -2*q**3 + 29*q**2 - 105*q - 6. What is l(7)?
-6
Let l(a) = -114*a - 9232. Calculate l(-81).
2
Let m(t) = 4*t**3 - 157*t**2 - 99*t - 838. What is m(40)?
2
Let p(g) = 3*g**2 - 191*g - 84. Determine p(64).
-20
Let t(d) = 54*d**3 + d**2 + d + 1. What is t(-1)?
-53
Let f(w) = 115*w + 2048. What is f(-18)?
-22
Let g(h) = -h**2 - 72*h - 138. Calculate g(-2).
2
Let b(l) = 2*l**2 - 161*l - 1087. What is b(87)?
44
Let n(d) = -2075*d - 10387. What is n(-5)?
-12
Let h(n) = 6*n**2 + 117*n - 123. Give h(-20).
-63
Let p(q) = q**2 - 6*q - 110. What is p(12)?
-38
Let o(f) = -371*f + 10747. Calculate o(29).
-12
Let m(o) = -2*o**2 + 59*o - 359. Calculate m(25).
-134
Let z(b) = b**3 + 34*b**2 - 1078. Determine z(-33).
11
Let o(j) = j**2 + 7*j - 227. Give o(-33).
631
Let n(f) = -3*f - 72. Give n(-27).
9
Let j(k) = -k**3 - 20*k**2 - 16*k + 16. Calculate j(-19).
-41
Let v(b) = -b**2 + 8*b + 226. Determine v(-14).
-82
Let v(r) = r**3 - 23*r**2 - 670*r - 3436. Give v(-9).
2
Let x(r) = -2*r**2 - 444*r + 897. What is x(2)?
1
Let g(q) = q**3 - 21*q**2 + 45*q - 133. Give g(19).
0
Let q(g) = g**2 + 17*g + 30. What is q(-7)?
-40
Let f(p) = p**3 - 45*p**2 + 492*p + 14. Calculate f(26).
-38
Let d(p) = 45*p + 625. Calculate d(-14).
-5
Let o(x) = -23*x + 166. What is o(19)?
-271
Let h(t) = t**3 - 22*t**2 - 35*t + 297. Give h(23).
21
Let x(q) = q**3 + 6*q**2 - 26*q + 39. Calculate x(4).
95
Let r(q) = -41*q + 265. Determine r(6).
19
Let g(i) = -347*i + 352. Determine g(1).
5
Let z(h) = h**2 + 157*h + 1319. Calculate z(-148).
-13
Let n(g) = -684*g - 1374. Calculate n(-2).
-6
Let q(x) = -386*x - 888. Give q(-3).
270
Let a(t) = 49*t**2 - 1327*t + 65. Calculate a(27).
-43
Let r(x) = x**2 + 25*x - 1636. Calculate r(-55).
14
Let i(n) = -n**2 - 27*n - 41. Determine i(-25).
9
Let h(r) = 2*r**3 + 36*r**2 + 191*r + 3451. Give h(-18).
13
Let x(g) = 480*g - 1432. What is x(3)?
8
Let p(y) = 317*y - 2930. Calculate p(9).
-77
Let j(v) = -1823*v**2 - 49222*v - 17. Give j(-27).
10
Let t(g) = g**3 - 34*g**2 + 16*g - 488. Give t(34).
56
Let o(w) = -w**3 - 10*w**2 + 30*w + 356. What is o(-9)?
5
Let b(f) = 2*f**3 - 35*f**2 + 74*f + 16. Give b(15).
1
Let o(h) = -16*h**2 + 851*h - 158. Determine o(53).
1
Let z(t) = -109*t + 1307. What is z(12)?
-1
Let x(k) = -53*k + 1185. Calculate x(37).
-776
Let o(t) = 1609*t + 12905. Determine o(-8).
33
Let j(d) = -3*d**2 + 9*d + 16. Determine j(10).
-194
Let d(n) = n**3 - 135*n**2 - 273*n - 129. Give d(137).
8
Let j(c) = 49*c**2 + 50*c + 2. What is j(-1)?
1
Let q(u) = u**3 - 34*u**2 - 155*u + 1638. Calculate q(37).
10
Let q(j) = 28*j**2 - 364*j + 331. Give q(12).
-5
Let j(n) = -440*n - 860. Give j(-2).
20
Let l(s) = 9*s**2 + 536*s + 4660. Calculate l(-49).
5
Let r(q) = -25*q + 625. Give r(31).
-150
Let c(s) = 35*s + 2550. Give c(-73).
-5
Let r(n) = 7*n**2 - 159*n + 1061. What is r(7)?
291
Let l(j) = 33*j - 999. What is l(21)?
-306
Let q(r) = r**2